7237447 composite?
False
Is 1838621 prime?
True
Is 6497683 a prime number?
True
Is 169726173 a composite number?
True
Is 1218961 composite?
True
Is 302038463 a prime number?
True
Is 34465261 a prime number?
True
Is 57693 composite?
True
Is 358292213 a composite number?
True
Is 228829 a prime number?
True
Is 12199321 prime?
True
Is 1772167 a composite number?
False
Is 11381353 a composite number?
False
Is 620705017 a composite number?
False
Is 7907639 composite?
False
Is 541439 a composite number?
False
Is 2464379 a composite number?
False
Is 804278 prime?
False
Is 517745653 prime?
False
Is 8617069 a prime number?
False
Is 18413279 prime?
False
Is 434677 a prime number?
False
Is 933601 a prime number?
True
Is 17336633 composite?
False
Is 13936981 composite?
True
Is 22776043 prime?
True
Is 15021593 prime?
False
Is 7235593 a composite number?
True
Is 25733 a composite number?
False
Is 614166799 a prime number?
True
Is 4931119 a composite number?
False
Is 6734053 prime?
True
Is 2671447 composite?
False
Is 5466229 a prime number?
False
Is 3360733 composite?
True
Is 55564309 composite?
False
Is 12520345 a prime number?
False
Is 5408801 a composite number?
False
Is 24046241 prime?
True
Is 40446871 a composite number?
False
Is 12604367 a prime number?
False
Is 30845615 prime?
False
Is 1284409 composite?
True
Is 2369734 a composite number?
True
Is 208485743 prime?
True
Is 20554873 a composite number?
False
Is 2117287 prime?
True
Is 79443517 composite?
False
Is 1850782 a prime number?
False
Is 72857 a composite number?
True
Is 7275671 a composite number?
True
Is 3987319 prime?
False
Is 69941357 a composite number?
False
Is 77890247 prime?
False
Is 3387157 a composite number?
False
Is 453899 a composite number?
True
Is 120689769 a composite number?
True
Is 49610921 composite?
False
Is 1811405 prime?
False
Is 24152539 composite?
False
Is 41278669 prime?
False
Is 11623331 prime?
True
Is 47913703 composite?
False
Is 60215011 prime?
True
Is 1248691 a prime number?
True
Is 6750511 a prime number?
True
Is 648019 composite?
False
Is 1807423 composite?
True
Is 154648921 a prime number?
False
Is 62912497 prime?
True
Is 241367651 composite?
True
Is 10815991 a composite number?
False
Is 110359537 a prime number?
True
Is 272249 a composite number?
False
Is 8225171 a composite number?
False
Is 12391007 composite?
False
Is 232248787 composite?
True
Is 7829941 a composite number?
True
Is 103257053 prime?
True
Is 25733891 prime?
False
Is 5008565 composite?
True
Is 127073 a prime number?
False
Is 51544499 a composite number?
True
Is 6951209 a prime number?
True
Is 169278371 composite?
False
Is 2589913 a composite number?
False
Is 5429939 prime?
False
Is 39099265 composite?
True
Is 461521 a prime number?
True
Is 5309999 a prime number?
True
Is 4378541 a composite number?
False
Is 6178379 a prime number?
True
Is 2651549 prime?
True
Is 2576543 prime?
False
Is 131890117 composite?
False
Is 948399 composite?
True
Is 2478499 a composite number?
True
Is 24190007 a composite number?
True
Is 2639759 a prime number?
True
Is 12079565 composite?
True
Is 5058439 a composite number?
True
Is 15084799 a prime number?
True
Is 16882561 composite?
False
Is 1294939 a composite number?
False
Is 16941169 a composite number?
True
Is 21933031 a composite number?
True
Is 187220351 a prime number?
False
Is 4359437 prime?
False
Is 9519773 prime?
True
Is 21187987 composite?
True
Is 61709287 a composite number?
True
Is 3355257 prime?
False
Is 668347 composite?
False
Is 6547781 a composite number?
False
Is 7244507 composite?
False
Is 207883 a prime number?
False
Is 67742071 composite?
True
Is 2341543 a prime number?
False
Is 3535937 a composite number?
True
Is 112333 a composite number?
True
Is 620413 prime?
True
Is 5506981 composite?
True
Is 56816129 prime?
True
Is 64222597 a composite number?
False
Is 16999453 a prime number?
True
Is 27175717 prime?
True
Is 2156333 composite?
True
Is 4077607 composite?
False
Is 3167497 composite?
False
Is 5754031 a prime number?
True
Is 63502213 composite?
False
Is 1688041 composite?
False
Is 126247367 prime?
False
Is 45551573 composite?
False
Is 2316863 a composite number?
False
Is 34770031 composite?
True
Is 2540507 composite?
True
Is 36996019 a composite number?
True
Is 79448311 a composite number?
False
Is 871257743 a prime number?
True
Is 1355005813 a composite number?
True
Is 8057471 composite?
False
Is 1711181 prime?
True
Is 977006 composite?
True
Is 1000709 a prime number?
False
Is 8146937 composite?
False
Is 7011097 a composite number?
True
Is 259801 a composite number?
False
Is 72781627 a prime number?
False
Is 219647 composite?
False
Is 4519553 prime?
False
Is 2453999 a prime number?
True
Is 71213069 composite?
False
Is 331991139 a composite number?
True
Is 12268253 composite?
False
Is 3148811 a prime number?
False
Is 13159919 prime?
True
Is 1915469 composite?
False
Is 97763827 composite?
True
Is 4419551 a composite number?
True
Is 2316187 prime?
False
Is 108024947 prime?
False
Is 6341659 composite?
False
Is 81867433 composite?
False
Is 3747241 a prime number?
True
Is 6330901 composite?
False
Is 21304709 a prime number?
True
Is 10899691 composite?
True
Is 7659467 a prime number?
True
Is 22025527 prime?
True
Is 7782809 a composite number?
True
Is 607493 composite?
False
Is 138843613 a prime number?
True
Is 16602749 a prime number?
False
Is 8549179 a composite number?
True
Is 18486443 composite?
False
Is 2905969 composite?
True
Is 273411419 prime?
False
Is 32900293 prime?
True
Is 2111 a composite number?
False
Is 30529577 a prime number?
False
Is 1011743 a prime number?
False
Is 656138719 composite?
False
Is 247926157 a prime number?
True
Is 2771581 prime?
False
Is 159408487 composite?
True
Is 3240029 a prime number?
False
Is 246823 composite?
True
Is 19170659 composite?
False
Is 17672069 composite?
False
Is 5969921 composite?
False
Is 2955443 prime?
True
Is 673217327 prime?
True
Is 864107 a composite number?
False
Is 42491749 composite?
False
Is 166479113 prime?
False
Is 5083283 composite?
True
Is 5964593 prime?
True
Is 1608419 prime?
False
Is 7428293 a prime number?
False
Is 2694949 a prime number?
False
Is 1215703 prime?
True
Is 1147379 a composite number?
False
Is 15774149 a prime number?
False
Is 3605359 composite?
True
Is 129430703 a prime number?
False
Is 2975593 prime?
True
Is 4667363 prime?
True
Is 13082881 a composite number?
True
Is 3238219 composite?
False
Is 2196331 a composite number?
False
Is 413779 a prime number?
True
Is 440173951 composite?
True
Is 172656557 a composite number?
False
Is 8251 composite?
True
Is 212184371 a prime number?
False
Is 64343491 a prime number?
True
Is 477540731 a composite number?
False
Is 19882751 prime?
False
Is 36204031 a prime number?
False
Is 4152413 a composite number?
True
Is 2075231 a composite number?
False
Is 1073880671 composite?
False
Is 3131 a composite number?
True
Is 1917823 a prime number?
False
Is 55786771 a composite number?
True
Is 3765103 a composite number?
True
Is 8602229 composite?
True
Is 27456941 prime?
False
Is 755420807 a composite number?
False
Is 29229313 prime?
True
Is 502253 composite?
True
Is 1751600191 a composite number?
True
Is 2380363 prime?
True
Is 30633179 composite?
True
Is 3965387 a composite number?
True
Is 203516419 a composite number?
False
Is 40205177 a prime number?
True
Is 567097 a composite number?
False
Is 29189959 a prime number?
True
Is 95370637 a prime number?
True
Is 627281 a composite number?
True
Is 126805454 a prime number?
False
Is 12590629 a composite number?
True
Is 38516603 a composite number?
False
Is 1211533429 composite?
True
Is 1214860949 composite?
False
Is 11916071 prime?
False
Is 89024885 a composite number?
True
Is 2783821 a prime number?
True
Is 1880869 a prime number?
True
Is 8704307 composite?
True
Is 13262521 composite?
True
Is 3234061 composite?
False
Is 9116095 prime?
False
Is 1405919 prime?
True
Is 14383153 prime?
False
Is 9399569 prime?
True
Is 2798687 prime?
True
Is 151521479 prime?
True
Is 94405579 a composite number?
True
Is 163689787 composite?
True
Is 5294279 a composite number?
False
Is 100646281 composite?
False
Is 28359431 a composite number?
False
Is 30391999 a composite number?
True
Is 390242143 a composite number?
False
Is 